9 + (-102)/(-27). Let k(x) be the third derivative of 0 + 1/3*x**3 + 3*x**2 + 0*x + 1/24*x**j. Calculate k(-5).
-3
Suppose 0 = -3*v - 2*v + 10. Let k(u) = v*u + 0*u - u. Determine k(-1).
-1
Let h(c) = -c - 7. Suppose -n - 6 = -3*n. Let v(q) = -2*q + 19. Let z(o) = 5*o - 39. Let t(p) = 9*v(p) + 4*z(p). Let g(r) = n*t(r) + 7*h(r). Give g(0).
-4
Let r(u) = -u**2 + 5*u - 4. Let a(t) be the second derivative of t**3/6 + 2*t**2 - 3*t. Let n be a(0). What is r(n)?
0
Suppose -n = -w + 2 + 2, 8 = 2*w. Let l be (1 - n/1) + 0. Let r(c) = 0 + 6*c**2 - l + 5*c - 2*c - c. Determine r(1).
7
Let z(b) = -10*b + 3. Let j(p) = 9*p - 2. Let c(i) = 5*j(i) + 4*z(i). Calculate c(-3).
-13
Let h(x) = -x**3 + 5*x**2 + 7*x - 2. Suppose 6 = 3*c - 12. Determine h(c).
4
Let f(y) = y + 7. Let k be f(-4). Let t(m) = m**2 + 0*m**k - 4*m**3 + m + 1 + 5*m**3. What is t(0)?
1
Let y(v) be the first derivative of -3*v**2 + 3*v + 18. Give y(-3).
21
Let s(m) = m + 1. Let x(q) = -2*q - 3. Let r(v) = 5*s(v) + 3*x(v). Calculate r(-5).
1
Let p = -10 + 9. Let g = p - -2. Let f(i) = 6*i**3 - 2*i**2 + i. Give f(g).
5
Let q = 10 - 10. Let g(b) be the third derivative of q - 1/6*b**3 + 0*b - 1/24*b**4 - 2*b**2. What is g(4)?
-5
Let v(a) = 0 + 4 + a**2 - 3*a - 2*a**2. Suppose -j = -3*i - 14, j + 11 = -5*i - 7. Calculate v(i).
0
Let d(w) = w + 1. Suppose -16 = -2*t + 2*g, g - 5*g = -3*t + 26. Let n(p) = 2*p - 6. Let s be n(t). Let u = 1 - s. Calculate d(u).
-4
Let r(l) = -4*l**2 + 5 - l**2 - 1 + 4*l**2. What is r(-4)?
-12
Let z(x) = -2*x - 1. Let m be 6/(-4)*4/3. Let k be m/3 + (-4)/(-6). Let a(d) = d**3 - d**2 - d - 3. Let h be a(k). Give z(h).
5
Let i(j) be the third derivative of 0*j + 0 + 1/3*j**3 - j**2 - 1/6*j**4 - 1/60*j**5. Let v be i(-5). Let d(q) = q**3 + 3*q**2 - 2*q - 3. Calculate d(v).
3
Let w(x) = x**2 + 3*x - 4. Let g(m) = -m**2 - 2*m + 3. Let a(k) = -3*g(k) - 2*w(k). Let l(f) = -f**3 + 2*f**2 - 1. Let n(s) = -2*a(s) + l(s). Give n(0).
1
Let r(a) = a**3 + a - 2. Suppose 5*x = 2*x + 9. Suppose -x*y + 7*y = 0. What is r(y)?
-2
Let q(w) = -w**3 - 2*w**2 - w. Let g(s) = -s**2 + 6*s + 4. Let b be -1*6*(-3 + 2). Let c be g(b). Let t be (c*2/4)/(-1). Give q(t).
2
Let w(a) be the third derivative of a**6/120 - a**5/15 - a**4/12 + a**3/6 + 6*a**2. What is w(4)?
-7
Suppose -2*d - 3*d + 15 = 0. Let m be 1 + (-1 - (1 + -4)). Let c(x) = 5*x**2 - 2*x + x**2 + x**m - 3*x**2 - d. Calculate c(-3).
3
Suppose -5*y + h + 22 = 0, -2*y - 7*h = -2*h + 2. Let m(l) = y*l**2 + 0 + 3 - 4*l**3 - 5*l**2 + 4*l + 3*l**3. Give m(-2).
-1
Let u = -1 - -1. Let c(a) = -11*a + 26*a - 14*a + 9. Calculate c(u).
9
Let z(r) be the third derivative of -r**8/20160 - r**7/1008 - r**6/240 + r**5/15 + 5*r**2. Let y(i) be the third derivative of z(i). Calculate y(-3).
3
Suppose 0 = 6*u + 4*u + 20. Let j(c) = -c**3 - 3*c - 1. Determine j(u).
13
Suppose 2*f - 26 = 3*l - 5, -4*l = -4*f + 32. Let w(n) = n**2 - 3*n - 4. Let o(c) = c**2 - 4*c - 4. Let i(b) = f*o(b) - 2*w(b). What is i(5)?
-9
Let a(k) = -k**2. Let g(w) = -4*w**2 - 4*w + 2. Let d(c) = -3*a(c) + g(c). Let f(q) = q**3 + 2*q**2 + 5. Let b be f(-3). What is d(b)?
2
Let n(m) = m**2 - 4*m - 10. Let i(h) = -h**2 + 2*h + 5. Let d(z) = 5*i(z) + 3*n(z). Let c(g) be the first derivative of d(g). Calculate c(2).
-10
Let n(s) = s + 4. Let t be (1 - 2) + (-3 - -4). Give n(t).
4
Suppose 4*o + 13 = -g + 6*g, g - 4*o = -7. Let z(k) be the first derivative of -k**2 + 4*k - 1. Give z(g).
-6
Let n(o) = 13 + 18 - o - 18. Determine n(7).
6
Let f(w) = -w**2 + 6*w - 3. Let z be f(5). Let l = 4 - z. Let k(s) = 3 - 3*s - 7 + 6. Calculate k(l).
-4
Let c(s) = -4*s**2 - 3 + 4*s + s**2 + 0*s. Calculate c(2).
-7
Let u(c) = -2*c - 12. Let s be u(-7). Let w(i) = i**3 - i + 6*i**s - 4 + 5*i**2 - 10*i**2. Give w(0).
-4
Let k(g) = 6 - 3 + g - 2*g. Suppose 0 = -5*v - y - 2, -5*v - 4*y - 6 = -y. Determine k(v).
3
Let p(l) = -5*l - 8. Let d(h) = 2*h - 1. Let q(c) = 3*d(c) + p(c). Determine q(13).
2
Let o(f) = -f - 5. Let a(g) = -3*g - 11. Let p(z) = z**3 + 3*z**2 + 3*z. Let u be p(-2). Let x(l) = u*a(l) + 5*o(l). Suppose v = -0*v - 3. Calculate x(v).
-6
Suppose 0 = 4*g + 20, 2*z + 2*g = 3*z - 6. Let b(t) = 0*t + 2 + 2*t + 3*t**3 + 5*t**2 - 2*t**3. Give b(z).
10
Let j = -207 - -205. Let i(l) = 0*l**2 - 2*l + l**3 - 3*l**3 - 3*l**2 - 3. Calculate i(j).
5
Let r(l) = -l**3 - 3*l**2 + 5*l + 1. Suppose -2*c - 20 = 22. Let v = c - -17. Give r(v).
-3
Suppose -3*i - 4*c + 14 = 0, i + 5*c + 10 = -0*i. Let t(m) = -i*m - 1 + 6*m + 2. Give t(-2).
9
Let x(c) be the second derivative of c**4/12 - 2*c**3/3 + c**2/2 + 8*c. Calculate x(5).
6
Let o(z) = z**2 - 3*z - 4. Suppose 0 = -4*j - 2*l - 2, l = -4*j + 1. Let i be 4*(3 - j) - 3. Give o(i).
6
Let f be ((-10)/2 - 0)*-2. Suppose 4*o - l + 18 = 0, 0*o + l = -3*o - f. Let h be 21/(-4) + (-1)/o. Let s(k) = k**2 + 6*k. Calculate s(h).
-5
Suppose 4 + 12 = -4*q. Let u(t) = -t**2. Let s(i) = i**2 - 4*i - 6. Suppose -4*v + 1 - 9 = 0. Let n(y) = v*u(y) - s(y). What is n(q)?
6
Let i(b) be the first derivative of -b**2/2 - 6*b + 2. Determine i(-4).
-2
Let x(g) = g**2 - 4*g + 5. Let j be (-10)/35 + 60/14. Give x(j).
5
Let u(x) = x + x**2 - 3*x**3 + 1 + 0*x**2 - 10*x**2. Let s(c) = 5*c**3 + 14*c**2 - 2*c - 1. Let t(q) = 5*s(q) + 8*u(q). Suppose 6 = 4*l - 6. Calculate t(l).
6
Let q = 4 - 4. Let g(a) = q - 1 - a**3 + 2. Let v = 2 - 2. Give g(v).
1
Suppose c = -3*i + 6*c + 30, -5*i = c - 78. Suppose -5*y - i = 5. Let v(p) = p**3 + 4*p**2 - p - 5. Determine v(y).
-1
Let w(s) = -2*s**2 + 2*s - 3. Suppose 2*g - 2*a = 12, 2*g - 5*g = 3*a + 6. Determine w(g).
-7
Let j(i) = 2*i + 5. Let x be j(-7). Let g(k) = k**2 + 9*k + 1. Let h be g(x). Let o(z) = 5*z. Let r be o(h). Let y(b) = b**2 - 4*b - 7. Give y(r).
-2
Let u(g) be the first derivative of g**3/6 + g**2 + 2*g - 1. Let w(o) be the first derivative of u(o). What is w(-4)?
-2
Let m be 102/(-18) + (-4)/(-6). Let f(s) = -s**3 - 6*s**2 - 6*s. Give f(m).
5
Let q(s) = -12*s + 5. Let a(v) = 13*v - 4. Let g(d) = 4*a(d) + 3*q(d). Give g(1).
15
Suppose -1 = -k, 4*k - 5 = -y + 2*y. Let h(m) = -m. Give h(y).
1
Let u(h) be the first derivative of h**2/2 - 4*h - 5. Calculate u(2).
-2
Let n(m) = -3 + 4*m - 1 - 2. Let d(p) = -11*p + 17. Let q(z) = 3*d(z) + 8*n(z). Suppose 0 = -3*o + 8*o. What is q(o)?
3
Let t(x) be the third derivative of -x**4/8 - x**3 - x**2. Let o be -3 - (-4 + 0 - -6). Calculate t(o).
9
Let f be 3 + 0 + (-8)/2. Let s(m) = 6*m**3 - 2*m**2 + 1. Calculate s(f).
-7
Let n(u) = -2. Let x(m) = 2*m - 5. Let v(l) = -6*n(l) + 2*x(l). Let f(z) = -2*z - 1. Let o(c) = -5*f(c) - 2*v(c). Calculate o(-6).
-11
Let t = -1 - -3. Let l(w) = -6*w + 0*w**2 + 8*w + 2 - 4*w**2 + w**3. What is l(t)?
-2
Let y(d) = -d + 2. Let w(v) = -v**2 + 3*v. Let b be w(4). Let s = -1 - b. Give y(s).
-1
Let t = 5 + -9. Let f(n) = 2*n**2 - 4*n + 3. Let g(d) = d**2 - 3*d + 3. Let a be (-1*1)/((-4)/12). Let q(z) = a*g(z) - 2*f(z). What is q(t)?
-9
Let g be (0/(-1) - 0)/1. Let j = 6 + 6. Let l(u) = 0 + 11*u**3 - j*u**3 + 2*u - 10 - u. What is l(g)?
-10
Let y(f) = 7*f**2 - 1. Let l be 2/1*(-3)/6. Determine y(l).
6
Let g = -5 + 7. Suppose 3*f - 2*x + g = -1, 21 = -4*f - 3*x. Let s(r) be the third derivative of r**6/120 + r**5/12 + r**4/8 - 2*r**3/3 + 2*r**2. What is s(f)?
5
Let l(k) be the second derivative of -k**4/12 + 7*k**3/6 - 3*k**2 + k. Suppose -2*i = -2*z + 13 - 3, -z - 2*i = -2. Give l(z).
6
Let i = -55 + 57. Let d(u) = -2*u**2 - 2*u + 3. Give d(i).
-9
Let j = -60 + 66. Let z be 1 - -2*1/2. Suppose -5*s + 3*s + j = 0, 3 = -z*n - s. Let m(w) = w**3 + 5*w**2 + 4*w + 2. Calculate m(n).
8
Let p(s) be the second derivative of 2*s**3/3 - s**2 - 7*s. Calculate p(4).
14
Let p(l) = -3*l + 1. Suppose -3*h + 4 = 1. What is p(h)?
-2
Let c = 3 - 3. Let h be ((-4)/(-10))/((-3)/(-30)). Let s(t) = -t + c*t + 8 - h. Determine s(2).
2
Let n = -57 + 115. Suppose -n = -4*t + 2*q, 22 = 2*t - 5*q - 27. Let v be (-39)/t - 6/8. Let o(k) = -k + 1. What is o(v)?
5
Let u(k) = -k**2 + 2*k - 5. Let c(x) = 6*x**2 - 9*x + 26. Let s(t) = -2*c(t) - 11*u(t). What is s(2)?
-9
Suppose 0*n + 4*n + 4 = 0. Let h = n - 5. Let x(k) = 2*k + 7. What is x(h)?
-5
Let w(r) be the second derivative of r**5/20 - r**4/3 + r**3/3 - 2*r**2 - 7*r. Let m = 1 - -3. Give w(m).
4
Let m(i) be the first derivative of i**5